6 a multiple of 25?
False
Does 2 divide 7736?
True
Is 22 a factor of 21406?
True
Does 41 divide 8051?
False
Is 270 a multiple of 3?
True
Is 4 a factor of 200?
True
Is 23 a factor of 2054?
False
Is 95 a factor of 190?
True
Is 13 a factor of 26?
True
Is 3742 a multiple of 8?
False
Is 9 a factor of 531?
True
Is 6073 a multiple of 32?
False
Does 12 divide 1243?
False
Does 48 divide 1200?
True
Is 6 a factor of 521?
False
Does 51 divide 1275?
True
Does 31 divide 27683?
True
Is 1040 a multiple of 5?
True
Does 18 divide 882?
True
Does 14 divide 2968?
True
Does 41 divide 12095?
True
Is 10143 a multiple of 91?
False
Is 32594 a multiple of 42?
False
Is 285 a multiple of 56?
False
Is 19936 a multiple of 112?
True
Is 15 a factor of 3000?
True
Does 41 divide 536?
False
Is 1564 a multiple of 4?
True
Is 313 a multiple of 11?
False
Is 288 a multiple of 32?
True
Does 105 divide 21210?
True
Is 2979 a multiple of 118?
False
Is 16 a multiple of 4?
True
Is 55 a factor of 516?
False
Is 90 a factor of 2731?
False
Is 10 a factor of 92229?
False
Is 675 a multiple of 45?
True
Is 73507 a multiple of 113?
False
Is 850 a multiple of 45?
False
Is 1476 a multiple of 3?
True
Is 4 a factor of 216?
True
Is 23849 a multiple of 13?
False
Is 2905 a multiple of 35?
True
Does 38 divide 912?
True
Is 12 a factor of 1080?
True
Is 19 a factor of 10344?
False
Is 216 a factor of 19872?
True
Does 7 divide 47187?
True
Is 5 a factor of 318?
False
Does 26 divide 47606?
True
Is 89 a factor of 21948?
False
Is 9808 a multiple of 114?
False
Is 1548 a multiple of 9?
True
Is 18 a factor of 3390?
False
Does 9 divide 297?
True
Is 14 a factor of 8638?
True
Is 9 a factor of 612?
True
Is 272 a multiple of 34?
True
Is 18960 a multiple of 20?
True
Is 14 a factor of 13827?
False
Is 5310 a multiple of 10?
True
Is 4557 a multiple of 12?
False
Is 46 a factor of 8050?
True
Does 15 divide 1146?
False
Does 48 divide 3065?
False
Is 100 a multiple of 5?
True
Does 4 divide 218?
False
Does 33 divide 396?
True
Does 75 divide 44025?
True
Is 937 a multiple of 80?
False
Does 21 divide 3370?
False
Does 27 divide 15544?
False
Is 21 a factor of 1095?
False
Does 40 divide 491?
False
Does 34 divide 419?
False
Is 9 a factor of 10157?
False
Is 5894 a multiple of 83?
False
Does 100 divide 1000?
True
Does 61 divide 2003?
False
Does 20 divide 1045?
False
Is 9 a factor of 2214?
True
Is 231 a multiple of 21?
True
Does 12 divide 490?
False
Is 53 a factor of 26156?
False
Does 24 divide 1580?
False
Does 75 divide 31500?
True
Is 13 a factor of 9196?
False
Does 36 divide 3141?
False
Does 3 divide 24?
True
Does 14 divide 14252?
True
Does 12 divide 2787?
False
Does 202 divide 53732?
True
Is 6 a factor of 17076?
True
Is 697 a multiple of 32?
False
Is 22 a factor of 386?
False
Is 86 a factor of 4757?
False
Is 20712 a multiple of 83?
False
Does 11 divide 499?
False
Is 175 a multiple of 16?
False
Is 574 a multiple of 11?
False
Is 9574 a multiple of 25?
False
Is 1160 a multiple of 29?
True
Does 18 divide 1087?
False
Does 69 divide 1794?
True
Is 29865 a multiple of 33?
True
Is 20 a factor of 1527?
False
Does 44 divide 2081?
False
Is 32165 a multiple of 34?
False
Does 77 divide 13693?
False
Is 3612 a multiple of 14?
True
Is 831 a multiple of 65?
False
Is 637 a multiple of 65?
False
Is 20 a factor of 2678?
False
Is 16 a factor of 1655?
False
Is 882 a multiple of 63?
True
Is 249 a multiple of 2?
False
Is 14012 a multiple of 19?
False
Is 803 a multiple of 5?
False
Is 11 a factor of 3267?
True
Is 282 a multiple of 27?
False
Does 59 divide 9381?
True
Does 22 divide 1609?
False
Is 1458 a multiple of 11?
False
Is 26 a factor of 15964?
True
Is 8834 a multiple of 140?
False
Does 10 divide 156?
False
Does 14 divide 693?
False
Is 10 a factor of 901?
False
Is 28661 a multiple of 131?
False
Does 32 divide 960?
True
Does 54 divide 4590?
True
Is 12914 a multiple of 19?
False
Is 3570 a multiple of 170?
True
Is 9 a factor of 522?
True
Does 12 divide 1740?
True
Is 5446 a multiple of 14?
True
Is 85 a factor of 14722?
False
Is 88 a factor of 14721?
False
Is 65 a factor of 1430?
True
Is 31475 a multiple of 5?
True
Is 39 a factor of 2340?
True
Is 14 a factor of 2660?
True
Does 30 divide 417?
False
Does 26 divide 357?
False
Is 34136 a multiple of 92?
False
Does 6 divide 952?
False
Is 140 a factor of 3443?
False
Is 70 a factor of 1610?
True
Is 441 a multiple of 7?
True
Does 42 divide 798?
True
Is 34170 a multiple of 30?
True
Is 91 a factor of 8827?
True
Does 12 divide 3084?
True
Does 55 divide 3795?
True
Is 3187 a multiple of 36?
False
Is 67 a factor of 27102?
False
Does 17 divide 2305?
False
Does 162 divide 11056?
False
Does 36 divide 900?
True
Is 693 a multiple of 21?
True
Is 8488 a multiple of 138?
False
Does 19 divide 18570?
False
Is 26506 a multiple of 139?
False
Is 1218 a multiple of 19?
False
Is 6509 a multiple of 23?
True
Is 1071 a multiple of 73?
False
Does 10 divide 78265?
False
Is 46367 a multiple of 199?
True
Is 21 a factor of 3360?
True
Does 41 divide 1160?
False
Is 2464 a multiple of 77?
True
Is 3795 a multiple of 33?
True
Does 85 divide 510?
True
Does 251 divide 20080?
True
Is 43 a factor of 1290?
True
Does 7 divide 49838?
False
Is 9225 a multiple of 205?
True
Is 7 a factor of 1225?
True
Is 182 a factor of 48431?
False
Does 9 divide 162?
True
Is 576 a multiple of 12?
True
Is 31 a factor of 127?
False
Is 138396 a multiple of 19?
True
Is 10 a factor of 457?
False
Is 21 a factor of 100?
False
Does 85 divide 14450?
True
Is 9028 a multiple of 25?
False
Is 19 a factor of 4560?
True
Is 2 a factor of 152?
True
Is 2359 a multiple of 42?
False
Is 2790 a multiple of 15?
True
Is 16927 a multiple of 12?
False
Is 17202 a multiple of 47?
True
Is 2 a factor of 6630?
True
Is 28 a factor of 14240?
False
Does 48 divide 53616?
True
Is 8 a factor of 205?
False
Does 9 divide 34218?
True
Is 408 a multiple of 12?
True
Is 3278 a multiple of 149?
True
Does 30 divide 94900?
False
Is 16 a factor of 1145?
False
Is 16 a factor of 31222?
False
Is 326 a factor of 27710?
True
Is 24 a factor of 216?
True
Is 5376 a multiple of 112?
True
Is 55923 a multiple of 21?
True
Is 1488 a multiple of 93?
True
Is 5 a factor of 33?
False
Is 147 a factor of 23768?
False
Is 14 a factor of 56?
True
Is 146 a multiple of 63?
False
Does 20 divide 2477?
False
Does 19 divide 3382?
True
Is 32 a factor of 53344?
True
Is 17 a factor of 221?
True
Is 988 a multiple of 13?
True
Does 12 divide 661?
False
Is 13742 a multiple of 8?
False
Is 16 a factor of 2132?
False
Does 35 divide 3955?
True
Is 16993 a multiple of 7?
False
Is 9 a factor of 607?
False
Is 21141 a multiple of 29?
True
Is 83 a factor of 2239?
False
Is 62 a factor of 10996?
False
Is 276 a multiple of 23?
True
Is 644 a multiple of 28?
True
Is 229 a factor of 10076?
True
Is 11293 a multiple of 56?
False
Is 663 a multiple of 7?
False
Does 6 divide 212?
False
Does 36 divide 36?
True
Is 8295 a multiple of 4?
False
Does 8 divide 368?
True
Is 120 a multiple of 24?
True
Is 75 a factor of 22725?
True
Is 52 a factor of 414?
False
Does 14 divide 10437?
False
Does 55 divide 47520?
True
Is 198 a factor of 28240?
False
Does 10 divide 750?
True
Is 13720 a multiple of 25?
False
Is 970 a multiple of 20?
False
Is 15 a factor of 13065?
True
Does 101 divide 4718?
False
Is 2785 a multiple of 79?
False
Is 12 a factor of 16992?
True
Is 54 a factor of 44909?
False
Is 16530 a multiple of 87?
True
Is 42 a factor of 18170?
False
Does 14 divide 1162?
True
Does 25 divide 10385?
False
Does 16 divide 5888?
True
Is 19 a factor of 29?
False
Is 40 a multiple of 10?
True
Does 4 divide 420?
True
Is 13448 a multiple of 7?
False
Is 19 a factor of 5113?
False
Is 40 a factor of 80?
True
Does 26 divide 546?
True
Is 16 a factor of 578?
False
Is 10 a factor of 390?
True
Does 64 divide 6912?
True
Is 4886 a multiple of 12?
False
Is 1834 a multiple of 37?
False
Is 1557 a multiple of 66?
False
Is 50 a factor of 8750?
True
Is 4 a factor of 3996?
True
Is 15634 a multiple of 51?
False
Is 17 a factor of 255?
True
Is 72 a factor of 2592?
True
Is 29 a factor of 1247?
True
Is 44 a factor of 1760?
True
Does 37 divide 148?
True
Does 3 divide 534?
True
Is 17286 a multiple of 201?
True
Does 49 divide 9261?
True
Does 9 divide 144?
True
Is 1428 a multiple of 21?
True
Is 429 a multiple of 11?
True
Does 29 divi